{"id":3846,"date":"2025-03-19T17:41:02","date_gmt":"2025-03-19T16:41:02","guid":{"rendered":"https:\/\/www.creepz.eu\/wordpress\/?page_id=3846"},"modified":"2025-03-22T23:31:27","modified_gmt":"2025-03-22T22:31:27","slug":"impressum","status":"publish","type":"page","link":"https:\/\/www.creepz.eu\/wordpress\/?page_id=3846","title":{"rendered":"Impressum"},"content":{"rendered":"\r\n<p><strong>Angaben gem. \u00a7 5 Digitale Dienste Gesetz (DDG)<\/strong><\/p>\r\n\r\n\r\n\r\n<p>Theo Teichert<br \/>24143 Kiel<br \/>E-Mail: kontakt@creepz.eu<\/p>\r\n\r\n\r\n\r\n<p>Verantwortlich f\u00fcr den Inhalt gem\u00e4\u00df \u00a7 55 Abs. 2 RstV:<br \/>Theo Teichert<\/p>\r\n\r\n\r\n\r\n<p>Bildrechte:<br \/><a href=\"https:\/\/www.pixabay.com\">https:\/\/www.pixabay.com<\/a><br \/><a href=\"https:\/\/www.unsplash.com\">https:\/\/www.unsplash.com<\/a><\/p>\r\n\r\n\r\n\r\n<p><a href=\"https:\/\/www.123recht.de\/impressumsgenerator.asp\"><u>Impressum erstellt mit dem Impressumsgenerator von 123recht.de<\/u><\/a><\/p>\r\n\r\n\r\n\r\n<p>&nbsp;<\/p>\r\n","protected":false},"excerpt":{"rendered":"<p>Angaben gem. \u00a7 5 Digitale Dienste Gesetz (DDG) Theo Teichert24143 KielE-Mail: kontakt@creepz.eu Verantwortlich f\u00fcr den Inhalt gem\u00e4\u00df \u00a7 55 Abs. 2 RstV:Theo Teichert Bildrechte:https:\/\/www.pixabay.comhttps:\/\/www.unsplash.com Impressum erstellt mit dem Impressumsgenerator von 123recht.de &nbsp;<\/p>\n","protected":false},"author":1,"featured_media":0,"parent":0,"menu_order":0,"comment_status":"closed","ping_status":"closed","template":"","meta":{"footnotes":""},"class_list":["post-3846","page","type-page","status-publish","hentry"],"_links":{"self":[{"href":"https:\/\/www.creepz.eu\/wordpress\/index.php?rest_route=\/wp\/v2\/pages\/3846","targetHints":{"allow":["GET"]}}],"collection":[{"href":"https:\/\/www.creepz.eu\/wordpress\/index.php?rest_route=\/wp\/v2\/pages"}],"about":[{"href":"https:\/\/www.creepz.eu\/wordpress\/index.php?rest_route=\/wp\/v2\/types\/page"}],"author":[{"embeddable":true,"href":"https:\/\/www.creepz.eu\/wordpress\/index.php?rest_route=\/wp\/v2\/users\/1"}],"replies":[{"embeddable":true,"href":"https:\/\/www.creepz.eu\/wordpress\/index.php?rest_route=%2Fwp%2Fv2%2Fcomments&post=3846"}],"version-history":[{"count":3,"href":"https:\/\/www.creepz.eu\/wordpress\/index.php?rest_route=\/wp\/v2\/pages\/3846\/revisions"}],"predecessor-version":[{"id":4088,"href":"https:\/\/www.creepz.eu\/wordpress\/index.php?rest_route=\/wp\/v2\/pages\/3846\/revisions\/4088"}],"wp:attachment":[{"href":"https:\/\/www.creepz.eu\/wordpress\/index.php?rest_route=%2Fwp%2Fv2%2Fmedia&parent=3846"}],"curies":[{"name":"wp","href":"https:\/\/api.w.org\/{rel}","templated":true}]}}