{"id":3522,"date":"2025-03-17T03:37:38","date_gmt":"2025-03-17T02:37:38","guid":{"rendered":"https:\/\/www.creepz.eu\/wordpress\/?page_id=3522"},"modified":"2025-04-18T14:30:56","modified_gmt":"2025-04-18T12:30:56","slug":"join-us","status":"publish","type":"page","link":"https:\/\/www.creepz.eu\/wordpress\/?page_id=3522","title":{"rendered":"Join Us"},"content":{"rendered":"<div class=\"wpb-content-wrapper\">[vc_section content_placement=&#8220;top&#8220;][vc_row content_placement=&#8220;middle&#8220; row_content_width=&#8220;grid&#8220; content_text_aligment=&#8220;center&#8220; css=&#8220;.vc_custom_1529566685041{padding-top: 143px !important;padding-bottom: 143px !important;}&#8220;][vc_column offset=&#8220;vc_col-lg-offset-1 vc_col-lg-10 vc_col-md-offset-0 vc_col-md-12 vc_col-sm-offset-0 vc_col-xs-12&#8243;][vc_empty_space height=&#8220;110px&#8220;]<div class=\"edgtf-section-title-holder  edgtf-st-standard \" style=\"text-align: center\">\n\t<div class=\"edgtf-st-inner\">\n\t\t\t\t\t<h3 class=\"edgtf-st-title\" >\n\t\t\t\tSpiel <span class=\"edgtf-st-title-hightlight\">mit<\/span> uns auf Sieg!\t\t\t<\/h3>\n\t\t        \t\t\t<\/div>\n<\/div>\n[vc_empty_space height=&#8220;30&#8243;][vc_column_text css=&#8220;&#8220;]\n<p dir=\"auto\">Du bist leidenschaftlicher Gamer und suchst nach einer neuen Herausforderung? Dann bist du bei <strong>CREEPZ ESPORTS<\/strong> genau richtig!<br \/>\nWir sind auf der Suche nach engagierten und talentierten Mitgliedern, die unser Team bereichern und mit uns gemeinsam Erfolge feiern wollen.<\/p>\n<p dir=\"auto\">Egal, ob du ein erfahrener Spieler bist oder gerade erst in die Welt des eSports einsteigst \u2013 bei uns findest du ein Umfeld, das dich f\u00f6rdert und fordert. Wir legen Wert auf Teamgeist, Fairness und den Spa\u00df am Spiel.<\/p>\n<p dir=\"auto\">Hast du Lust, Teil unserer Community zu werden? Dann bewirb dich jetzt und werde einer von uns!<\/p>\n[\/vc_column_text][\/vc_column][\/vc_row][\/vc_section][vc_row disable_background_image=&#8220;&#8220; row_shadow=&#8220;with-shadow&#8220; content_text_aligment=&#8220;left&#8220; simple_background_image=&#8220;2644&#8243; css=&#8220;.vc_custom_1529567793848{background-position: center !important;background-repeat: no-repeat !important;background-size: cover !important;}&#8220;][vc_column width=&#8220;1\/3&#8243; offset=&#8220;vc_col-lg-offset-0 vc_col-lg-6 vc_hidden-md vc_hidden-sm vc_hidden-xs&#8220; css=&#8220;.vc_custom_1528296369765{margin-top: -6.5% !important;padding-left: 7.7% !important;}&#8220;][vc_single_image image=&#8220;3442&#8243; img_size=&#8220;full&#8220; css=&#8220;&#8220;][\/vc_column][vc_column offset=&#8220;vc_col-lg-offset-0 vc_col-lg-6 vc_col-md-offset-0 vc_col-md-12 vc_col-sm-offset-0 vc_col-xs-12&#8243;][vc_empty_space height=&#8220;100&#8243;]<div class=\"edgtf-section-title-holder  edgtf-st-standard edgtf-st-disable-title-break\" style=\"padding: 0 0px;text-align: left\">\n\t<div class=\"edgtf-st-inner\">\n\t\t\t\t\t<h4 class=\"edgtf-st-title\" >\n\t\t\t\tErf\u00fcllst du die Vorraussetzungen?<br \/>\t\t\t<\/h4>\n\t\t        \t\t\t<\/div>\n<\/div>\n<div class=\"edgtf-elements-holder   edgtf-one-column  edgtf-responsive-mode-768 edgtf-one-column-alignment-left\" ><div class=\"edgtf-eh-item    \"  data-item-class=\"edgtf-eh-custom-3076\" data-1367-1600=\"110px 0 0px 0\" data-1025-1366=\"96px 0 0 0\" data-769-1024=\"152px 330px 159px 117px\" data-681-768=\"152px 130px 158px 75px\" data-680=\"153px 0 159px 22px\">\n\t<div class=\"edgtf-eh-item-inner\">\n\t\t<div class=\"edgtf-eh-item-content edgtf-eh-custom-3076\" style=\"padding: 159px 0px 0px 111px\">\n\t\t\t[vc_column_text css=&#8220;&#8220;]\n<ul>\n<li><strong>Du bist mindestens 21 Jahre alt.<\/strong><\/li>\n<li><strong>Du beherrscht die deutsche Sprache.<\/strong><\/li>\n<li><strong>Du hast keinen VAC- oder Game-BAN.<\/strong><\/li>\n<li><strong>Du besitzt einen Steam-Account.<\/strong><\/li>\n<\/ul>\n[\/vc_column_text]\t\t<\/div>\n\t<\/div>\n<\/div><\/div>[\/vc_column][\/vc_row][vc_row][vc_column video_bg=&#8220;yes&#8220; video_bg_url=&#8220;https:\/\/youtu.be\/KV0Y_VRgPgQ?t=84&#8243;][vc_empty_space height=&#8220;75px&#8220;]<div class=\"edgtf-section-title-holder  edgtf-st-standard \" >\n\t<div class=\"edgtf-st-inner\">\n\t\t\t\t\t<h3 class=\"edgtf-st-title\" >\n\t\t\t\tWerde <span class=\"edgtf-st-title-hightlight\">ein<\/span> CREEP\t\t\t<\/h3>\n\t\t        \n            <div class=\"edgtf-st-separator\" >\n\n            <svg version=\"1.1\" xmlns=\"http:\/\/www.w3.org\/2000\/svg\" xmlns:xlink=\"http:\/\/www.w3.org\/1999\/xlink\" x=\"0px\" y=\"0px\"\n\t width=\"124.985px\" height=\"3.411px\" viewBox=\"0 0 124.985 3.411\" enable-background=\"new 0 0 124.985 3.411\" xml:space=\"preserve\">\n<polygon fill=\"#FFFFFF\" points=\"0,0 124.985,0 124.985,1.121 96.484,1.121 86.944,3.411 38.67,3.411 29.162,1.121 0,1.121 \"\/>\n<\/svg>            <\/div>\n        \t\t\t<\/div>\n<\/div>\n[\/vc_column][\/vc_row][vc_row row_content_width=&#8220;grid&#8220; disable_background_image=&#8220;&#8220; simple_background_image=&#8220;2277&#8243; css=&#8220;.vc_custom_1529997132441{padding-bottom: 204px !important;}&#8220;][vc_column]<div class=\"edgtf-elements-holder   edgtf-two-columns  edgtf-responsive-mode-1024 edgtf-one-column-alignment-left\" ><div class=\"edgtf-eh-item    \"  data-item-class=\"edgtf-eh-custom-1749\" data-1367-1600=\"83px 100px 22px 0\" data-1025-1366=\"58px 100px 0px 0\" data-769-1024=\"133px 0 0 0\" data-681-768=\"133px 0 0 0\" data-680=\"133px 0 0 0\">\n\t<div class=\"edgtf-eh-item-inner\">\n\t\t<div class=\"edgtf-eh-item-content edgtf-eh-custom-1749\" style=\"padding: 92px 100px 31px 0px\">\n\t\t\t<div class=\"edgtf-section-title-holder  edgtf-st-standard \" style=\"padding: 0 0px;text-align: left\">\n\t<div class=\"edgtf-st-inner\">\n\t\t\t\t\t<h4 class=\"edgtf-st-title\" >\n\t\t\t\tKontaktiere uns\t\t\t<\/h4>\n\t\t        \n            <div class=\"edgtf-st-separator\" style=\"margin-top: 5px\">\n\n            <svg version=\"1.1\" xmlns=\"http:\/\/www.w3.org\/2000\/svg\" xmlns:xlink=\"http:\/\/www.w3.org\/1999\/xlink\" x=\"0px\" y=\"0px\"\n\t width=\"124.985px\" height=\"3.411px\" viewBox=\"0 0 124.985 3.411\" enable-background=\"new 0 0 124.985 3.411\" xml:space=\"preserve\">\n<polygon fill=\"#FFFFFF\" points=\"0,0 124.985,0 124.985,1.121 96.484,1.121 86.944,3.411 38.67,3.411 29.162,1.121 0,1.121 \"\/>\n<\/svg>            <\/div>\n        \t\t\t\t\t<p class=\"edgtf-st-text\" style=\"margin-top: 26px\">\n\t\t\t\tBenutze dieses Formular f\u00fcr Anfragen. Zur besseren Bearbeitung deiner Anfrage bitten wir dich um eine m\u00f6glichst ausf\u00fchrliche und informative Beschreibung deines Anliegens. Selbstverst\u00e4ndlich nehmen wir so bald wie m\u00f6glich Kontakt mit dir auf.\t\t\t<\/p>\n\t\t\t<\/div>\n<\/div>\n[vc_empty_space height=&#8220;26px&#8220;]<div class=\"edgtf-icon-list-holder \" >\n\t<div class=\"edgtf-il-icon-holder\">\n\t\t<i class=\"edgtf-icon-font-awesome fa fa-envelope \"><\/i>\t<\/div>\n        <a itemprop=\"url\" href=\"mailto:kontakt@creepz.eu\" target=\"_self\">\n    \t<span class=\"edgtf-il-text\" style=\"padding-left: 27px\">kontakt@creepz.eu<\/span>\n        <\/a>\n    <\/div>[vc_empty_space]\t\t<\/div>\n\t<\/div>\n<\/div><div class=\"edgtf-eh-item    \"  data-item-class=\"edgtf-eh-custom-9359\" data-1367-1600=\"141px 0 0 0\" data-1025-1366=\"141px 0 0 0\" data-769-1024=\"45px 0 0 0\" data-681-768=\"45px 0 0 0\" data-680=\"45px 0 0 0\">\n\t<div class=\"edgtf-eh-item-inner\">\n\t\t<div class=\"edgtf-eh-item-content edgtf-eh-custom-9359\" style=\"padding: 141px 0 0 0\">\n\t\t\t\n<div class=\"wpcf7 no-js\" id=\"wpcf7-f347-o1\" lang=\"en-US\" dir=\"ltr\" data-wpcf7-id=\"347\">\n<div class=\"screen-reader-response\"><p role=\"status\" aria-live=\"polite\" aria-atomic=\"true\"><\/p> <ul><\/ul><\/div>\n<form action=\"\/wordpress\/index.php?rest_route=%2Fwp%2Fv2%2Fpages%2F3522#wpcf7-f347-o1\" method=\"post\" class=\"wpcf7-form init\" aria-label=\"Contact form\" novalidate=\"novalidate\" data-status=\"init\">\n<fieldset class=\"hidden-fields-container\"><input type=\"hidden\" name=\"_wpcf7\" value=\"347\" \/><input type=\"hidden\" name=\"_wpcf7_version\" value=\"6.1.5\" \/><input type=\"hidden\" name=\"_wpcf7_locale\" value=\"en_US\" \/><input type=\"hidden\" name=\"_wpcf7_unit_tag\" value=\"wpcf7-f347-o1\" \/><input type=\"hidden\" name=\"_wpcf7_container_post\" value=\"0\" \/><input type=\"hidden\" name=\"_wpcf7_posted_data_hash\" value=\"\" \/>\n<\/fieldset>\n<div class=\"edgtf-custom-contact-form\">\n\t<div class=\"edgtf-grid-row\">\n\t\t<div class=\"edgtf-grid-col-12\">\n\t\t\t<p><span class=\"wpcf7-form-control-wrap\" data-name=\"your-name\"><input size=\"40\" maxlength=\"400\" class=\"wpcf7-form-control wpcf7-text wpcf7-validates-as-required\" aria-required=\"true\" aria-invalid=\"false\" placeholder=\"Name\" value=\"\" type=\"text\" name=\"your-name\" \/><\/span>\n\t\t\t<\/p>\n\t\t<\/div>\n\t\t<div class=\"edgtf-grid-col-12\">\n\t\t\t<p><span class=\"wpcf7-form-control-wrap\" data-name=\"your-email\"><input size=\"40\" maxlength=\"400\" class=\"wpcf7-form-control wpcf7-email wpcf7-validates-as-required wpcf7-text wpcf7-validates-as-email\" aria-required=\"true\" aria-invalid=\"false\" placeholder=\"E-Mail\" value=\"\" type=\"email\" name=\"your-email\" \/><\/span>\n\t\t\t<\/p>\n\t\t<\/div>\n\t\t<div class=\"edgtf-grid-col-12\">\n\t\t\t<p><span class=\"wpcf7-form-control-wrap\" data-name=\"your-subject\"><input size=\"40\" maxlength=\"400\" class=\"wpcf7-form-control wpcf7-text wpcf7-validates-as-required\" aria-required=\"true\" aria-invalid=\"false\" placeholder=\"Betreff\" value=\"\" type=\"text\" name=\"your-subject\" \/><\/span>\n\t\t\t<\/p>\n\t\t<\/div>\n\t<\/div>\n\t<p><span class=\"wpcf7-form-control-wrap\" data-name=\"your-message\"><textarea cols=\"40\" rows=\"10\" maxlength=\"2000\" class=\"wpcf7-form-control wpcf7-textarea\" aria-invalid=\"false\" placeholder=\"Nachricht\" name=\"your-message\"><\/textarea><\/span>\n\t<\/p>\n\t<p><input class=\"wpcf7-form-control wpcf7-submit has-spinner\" type=\"submit\" value=\"Senden\" \/>\n\t<\/p>\n<\/div><div class=\"wpcf7-response-output\" aria-hidden=\"true\"><\/div>\n<\/form>\n<\/div>\n\t\t<\/div>\n\t<\/div>\n<\/div><\/div>[\/vc_column][\/vc_row]\n<\/div>","protected":false},"excerpt":{"rendered":"<p>[vc_section content_placement=&#8220;top&#8220;][vc_row content_placement=&#8220;middle&#8220; row_content_width=&#8220;grid&#8220; content_text_aligment=&#8220;center&#8220; css=&#8220;.vc_custom_1529566685041{padding-top: 143px !important;padding-bottom: 143px !important;}&#8220;][vc_column offset=&#8220;vc_col-lg-offset-1 vc_col-lg-10 vc_col-md-offset-0 vc_col-md-12 vc_col-sm-offset-0 vc_col-xs-12&#8243;][vc_empty_space height=&#8220;110px&#8220;][vc_empty_space height=&#8220;30&#8243;][vc_column_text css=&#8220;&#8220;] Du bist leidenschaftlicher Gamer und suchst nach einer neuen Herausforderung? Dann bist du bei CREEPZ ESPORTS genau richtig! Wir sind auf der Suche nach engagierten und talentierten Mitgliedern, die unser Team bereichern und mit [&hellip;]<\/p>\n","protected":false},"author":1,"featured_media":0,"parent":0,"menu_order":0,"comment_status":"closed","ping_status":"closed","template":"full-width.php","meta":{"footnotes":""},"class_list":["post-3522","page","type-page","status-publish","hentry"],"_links":{"self":[{"href":"https:\/\/www.creepz.eu\/wordpress\/index.php?rest_route=\/wp\/v2\/pages\/3522","targetHints":{"allow":["GET"]}}],"collection":[{"href":"https:\/\/www.creepz.eu\/wordpress\/index.php?rest_route=\/wp\/v2\/pages"}],"about":[{"href":"https:\/\/www.creepz.eu\/wordpress\/index.php?rest_route=\/wp\/v2\/types\/page"}],"author":[{"embeddable":true,"href":"https:\/\/www.creepz.eu\/wordpress\/index.php?rest_route=\/wp\/v2\/users\/1"}],"replies":[{"embeddable":true,"href":"https:\/\/www.creepz.eu\/wordpress\/index.php?rest_route=%2Fwp%2Fv2%2Fcomments&post=3522"}],"version-history":[{"count":94,"href":"https:\/\/www.creepz.eu\/wordpress\/index.php?rest_route=\/wp\/v2\/pages\/3522\/revisions"}],"predecessor-version":[{"id":4194,"href":"https:\/\/www.creepz.eu\/wordpress\/index.php?rest_route=\/wp\/v2\/pages\/3522\/revisions\/4194"}],"wp:attachment":[{"href":"https:\/\/www.creepz.eu\/wordpress\/index.php?rest_route=%2Fwp%2Fv2%2Fmedia&parent=3522"}],"curies":[{"name":"wp","href":"https:\/\/api.w.org\/{rel}","templated":true}]}}